r when 17200271 is divided by 174.
23
What is the remainder when 2017633 is divided by 85?
73
What is the remainder when 12616928 is divided by 1554?
2
Calculate the remainder when 10273088 is divided by 6457.
1
What is the remainder when 162084 is divided by 1819?
193
What is the remainder when 1067316 is divided by 156?
120
What is the remainder when 1519083 is divided by 1301?
816
Calculate the remainder when 808498 is divided by 254.
16
What is the remainder when 22779 is divided by 130?
29
Calculate the remainder when 104738 is divided by 554.
32
What is the remainder when 10100633 is divided by 1913?
1906
What is the remainder when 717765 is divided by 51253?
223
What is the remainder when 888314 is divided by 18?
14
Calculate the remainder when 446856 is divided by 663.
657
What is the remainder when 2997771 is divided by 16117?
9
What is the remainder when 1555 is divided by 1130?
425
What is the remainder when 41204408 is divided by 150381?
14
What is the remainder when 9048283 is divided by 11630?
143
Calculate the remainder when 2521467 is divided by 10208.
91
What is the remainder when 317320 is divided by 141?
70
What is the remainder when 409828 is divided by 409175?
653
What is the remainder when 37032 is divided by 6732?
3372
Calculate the remainder when 89410 is divided by 7982.
1608
What is the remainder when 617169518 is divided by 176?
174
What is the remainder when 5155621 is divided by 1288903?
9
Calculate the remainder when 2402011 is divided by 2793.
31
Calculate the remainder when 70517 is divided by 13.
5
What is the remainder when 7234521 is divided by 3975?
21
Calculate the remainder when 568881 is divided by 7484.
97
What is the remainder when 4484891 is divided by 3450?
3341
Calculate the remainder when 440288 is divided by 16.
0
Calculate the remainder when 1142474 is divided by 12421.
12163
Calculate the remainder when 325116 is divided by 572.
220
Calculate the remainder when 93831795 is divided by 130.
5
What is the remainder when 160602574 is divided by 1896?
1894
Calculate the remainder when 154342 is divided by 3400.
1342
What is the remainder when 17202039 is divided by 533?
530
Calculate the remainder when 369812 is divided by 369760.
52
Calculate the remainder when 664318 is divided by 94779.
865
Calculate the remainder when 1860173 is divided by 930081.
11
What is the remainder when 134650 is divided by 530?
30
Calculate the remainder when 65533 is divided by 7898.
2349
Calculate the remainder when 151458 is divided by 25110.
798
Calculate the remainder when 349648 is divided by 105.
103
Calculate the remainder when 3953735 is divided by 529.
518
Calculate the remainder when 10234119 is divided by 4471.
0
What is the remainder when 8633 is divided by 5487?
3146
Calculate the remainder when 70105499 is divided by 972.
971
What is the remainder when 10946396 is divided by 12?
8
Calculate the remainder when 373803 is divided by 7671.
5595
Calculate the remainder when 1335622 is divided by 9893.
67
What is the remainder when 72460756 is divided by 1426?
1418
What is the remainder when 97331 is divided by 1155?
311
Calculate the remainder when 12094233 is divided by 41.
12
Calculate the remainder when 11043874 is divided by 67.
63
What is the remainder when 1054175 is divided by 6?
5
Calculate the remainder when 941797 is divided by 237.
196
Calculate the remainder when 2501792 is divided by 1244.
108
Calculate the remainder when 10624 is divided by 2753.
2365
What is the remainder when 1612555 is divided by 806233?
89
Calculate the remainder when 100399 is divided by 12482.
543
Calculate the remainder when 144353 is divided by 1622.
1617
What is the remainder when 867598 is divided by 1634?
1578
What is the remainder when 122022223 is divided by 37?
34
Calculate the remainder when 708082 is divided by 263.
86
What is the remainder when 25606 is divided by 5564?
3350
What is the remainder when 2121952 is divided by 5?
2
What is the remainder when 299286 is divided by 74806?
62
What is the remainder when 70654 is divided by 70632?
22
What is the remainder when 1844974 is divided by 7042?
7012
What is the remainder when 130115 is divided by 85?
65
Calculate the remainder when 1655233 is divided by 67.
65
Calculate the remainder when 1139838 is divided by 284880.
318
What is the remainder when 59453 is divided by 1523?
56
Calculate the remainder when 5793337 is divided by 1931109.
10
Calculate the remainder when 50348 is divided by 44105.
6243
What is the remainder when 34771468 is divided by 155?
8
Calculate the remainder when 37415031 is divided by 1157.
1122
What is the remainder when 59853282 is divided by 197?
151
What is the remainder when 1008718 is divided by 10189?
7
What is the remainder when 144410 is divided by 1681?
1525
Calculate the remainder when 2009182 is divided by 268.
254
Calculate the remainder when 345389 is divided by 49336.
37
Calculate the remainder when 165497 is divided by 83.
78
Calculate the remainder when 142601 is divided by 142320.
281
Calculate the remainder when 105619 is divided by 917.
164
What is the remainder when 3641521 is divided by 81?
4
Calculate the remainder when 2230060 is divided by 1840.
1820
What is the remainder when 623895 is divided by 148?
75
Calculate the remainder when 20585241 is divided by 5784.
5769
Calculate the remainder when 13473058 is divided by 301.
298
What is the remainder when 8972247 is divided by 14589?
12
What is the remainder when 6929 is divided by 5946?
983
Calculate the remainder when 72892010 is divided by 4663.
4657
Calculate the remainder when 9901319 is divided by 100.
19
What is the remainder when 3460721 is divided by 1235?
251
What is the remainder when 18352 is divided by 5753?
1093
What is the remainder when 104693960 is divided by 8666?
14
Calculate the remainder when 22454096 is divided by 22454080.
16
What is the remainder when 2321511 is divided by 708?
687
Calculate the remainder when 152339 is divided by 152296.
43
What is the remainder when 641873995 is divided by 5377?
5374
What is the remainder when 11613964 is divided by 645219?
22
Calculate the remainder when 606879 is divided by 309.
3
Calculate the remainder when 20478326 is divided by 163.
147
What is the remainder when 414748 is divided by 7037?
6602
Calculate the remainder when 34691 is divided by 34672.
19
What is the remainder when 162839 is divided by 10831?
374
What is the remainder when 1232153 is divided by 3?
2
What is the remainder when 1077904 is divided by 359271?
91
Calculate the remainder when 329623 is divided by 325095.
4528
Calculate the remainder when 6018607 is divided by 711.
703
Calculate the remainder when 48456028 is divided by 4.
0
Calculate the remainder when 230817398 is divided by 265.
13
What is the remainder when 14151014 is divided by 976?
966
What is the remainder when 314525384 is divided by 104841792?
8
What is the remainder when 275138504 is divided by 6808?
6800
What is the remainder when 38031 is divided by 2291?
1375
What is the remainder when 24496302 is divided by 12248124?
54
What is the remainder when 1278137 is divided by 389?
272
Calculate the remainder when 80646 is divided by 15973.
781
Calculate the remainder when 8883 is divided by 1347.
801
Calculate the remainder when 821987 is divided by 89.
72
Calculate the remainder when 80720 is divided by 11434.
682
Calculate the remainder when 12922933 is divided by 1814.
1811
What is the remainder when 14483864 is divided by 32?
24
Calculate the remainder when 14829301 is divided by 102271.
6
Calculate the remainder when 96309 is divided by 31442.
1983
What is the remainder when 42215153 is divided by 42215153?
0
What is the remainder when 4050376 is divided by 32403?
1
What is the remainder when 700787731 is divided by 37?
35
What is the remainder when 31103 is divided by 2219?
37
Calculate the remainder when 435532 is divided by 388.
196
Calculate the remainder when 258710165 is divided by 95.
85
What is the remainder when 93253329 is divided by 67?
49
What is the remainder when 1125357 is divided by 1125350?
7
What is the remainder when 485356 is divided by 1251?
1219
What is the remainder when 796943 is divided by 20433?
56
Calculate the remainder when 1194217 is divi